, -4*c + 5*v + 64 = 0. What is the greatest common divisor of c and 2167?
11
Suppose 58*d = 60*d - 174. Let l = 114 - d. What is the highest common factor of l and 18?
9
Let c(h) = 353*h + 5027. Let m be c(-14). Calculate the greatest common divisor of m and 1003.
17
Suppose -36*o = -24*o - 44508. Suppose 1441 - o = -9*p. Calculate the highest common divisor of p and 108.
36
Suppose 5*u + 80 = 5*q, -176*q = -178*q + 5*u + 50. Let h = 511 - -159. Calculate the highest common factor of q and h.
10
Suppose 0 = -2*t + 3*x + 33, -5*t = 39*x - 35*x - 94. What is the greatest common divisor of t and 153?
9
Suppose k + 2*d = 637, -46*k + 4*d = -42*k - 2452. What is the greatest common divisor of 4209 and k?
69
Let k = -7299 - -7305. Calculate the highest common divisor of 3018 and k.
6
Suppose 218*h + 216*h + 59109 = 453*h. What is the greatest common factor of 255 and h?
51
Let h = 12490 + -12066. What is the highest common factor of h and 12?
4
Let d(f) = -6*f - 2. Let c be d(-1). Suppose 7 = 11*h - c*h. Suppose m = 41 - h. What is the highest common divisor of 5 and m?
5
Suppose 15 = 18*o + 5*l - 98, 0 = -5*o - 4*l + 34. What is the greatest common divisor of o and 628?
2
Let g be 13 - (6/2 - 2). Let f be (-9)/(-12) + (-19710)/(-216). Let l be (2 - -1)*f/g. Calculate the highest common factor of l and 253.
23
Let a be -2 - -77 - (113 - 98). What is the highest common divisor of a and 5010?
30
Suppose -3*q - 6 = 3*f - 9, 0 = -2*q + 2*f - 14. Let h be (5 + -14)/(q/6). Calculate the greatest common divisor of 186 and h.
6
Suppose -171*d + 166*d + 158 = 3*r, 4*d - 124 = -2*r. What is the greatest common divisor of 52 and d?
4
Suppose 702 = -3*t + 29*t. Let y = t + 468. What is the highest common factor of 5 and y?
5
Suppose -3*k + 0*a + 39 = -3*a, 28 = 4*k + 4*a. Let v(d) = d - 1. Let b be v(k). Suppose -4*l - b + 49 = 0. Calculate the greatest common divisor of l and 5.
5
Let d(x) = -2*x + 11. Let f be d(-37). Suppose 0 = -3*r - 6*r + 306. Calculate the highest common divisor of f and r.
17
Let j be -2 + -9 - (-1 - (-1 + 1)). Let z be (15 - 20)*86/j. Calculate the highest common factor of z and 1075.
43
Let t be (1 - 25)*(-27)/12. Suppose 53383 = 1112*b - 86729. Calculate the greatest common divisor of t and b.
18
Let m = -75 - -273. Let x = 206 - m. What is the greatest common divisor of 712 and x?
8
Suppose 33 = -5*z + 103. Suppose -56*b = -8332 - 1860. What is the greatest common factor of b and z?
14
Let x = -56 + 57. Let a(p) = 33*p**2 + 5*p - 6. Let o be a(x). Let h be (-1054)/(-3) + 2/3. Calculate the highest common divisor of h and o.
32
Let k be -2 - 2 - 78/(-3). Let o(g) = -g**2 + k - 2*g**2 - 2*g + 4*g**2. Let a be o(8). Calculate the greatest common factor of a and 10.
10
Let i = -4882 - -11092. Suppose -16*y + 7*y + i = 0. Calculate the greatest common factor of 15 and y.
15
Let l = 18690 - 18681. Let w(u) = -u**3 - u**2 + 3*u + 3. Let j be w(-3). What is the greatest common factor of l and j?
3
Let h(n) = -11*n + 400. Let a be h(-1). What is the highest common factor of a and 9?
3
Let u(o) = -10*o. Let n be u(-4). Suppose -185 - 116 = -43*k. Let w be (7 - (k + 2)) + 7. Calculate the greatest common factor of w and n.
5
Let i(j) = -j**3 - 17*j**2 - 43*j - 20. Let h be i(-14). Suppose -5*y - 5 = -45. Let a = y + h. What is the greatest common factor of 8 and a?
2
Let m(t) = 31*t**2 - 241*t - 708. Let n be m(-3). What is the highest common factor of 4263 and n?
147
Let l = -15486 + 15822. Calculate the greatest common factor of l and 7560.
168
Suppose 792 = 5*j + 3*j. Suppose 21 = 4*u - 5*v, 2*u - 3*v - 7 = 2. What is the highest common factor of j and u?
9
Let n(r) = 15*r - 26. Let v(z) = -43*z + 78. Let t(m) = 17*n(m) + 6*v(m). Let c = 5 - -1. Let g be t(c). What is the highest common factor of 88 and g?
8
Let m be -14 - -8 - (1 + -383 + 1). Calculate the highest common factor of m and 165.
15
Let f(s) = -s**3 - 7*s**2 - 7*s - 5. Let j be f(-7). Suppose 0 = -5*v + n + 610, -80*v + 76*v + 2*n + 494 = 0. Calculate the greatest common factor of j and v.
11
Let z(t) = -38*t + 35. Let d be z(6). Let g = d + 273. Suppose -5*i = -i - 800. Calculate the greatest common factor of g and i.
40
Suppose -43*a + 4449 = -29951. Calculate the greatest common divisor of a and 300.
100
Suppose -3*n + s + 168 = 0, -2*n - 186 = -5*n - 2*s. What is the highest common divisor of n and 1798?
58
Let z be -1 - (-36)/8*32. Let a = z + -119. What is the highest common factor of a and 128?
8
Let k(n) = n**3 + 9*n**2 - 41*n - 87. Let r be k(-11). Calculate the greatest common divisor of 8662 and r.
122
Suppose 3*c - 252 = 75. Suppose -5*x = 5*z - 129 - 11, 0 = -4*z - 5*x + c. Calculate the highest common divisor of z and 31.
31
Suppose 250*x = 241*x + 239688. Calculate the greatest common factor of x and 8.
8
Suppose -14*m = 11*m - 4*m - 3864. Calculate the highest common factor of m and 1081.
23
Suppose x + 125 = 4*y - 136, x + 66 = y. What is the greatest common divisor of 611 and y?
13
Suppose 2*x = -p - 1, 2*p = -4*x + 3*x + 7. Suppose -p*d = -8 - 2. What is the greatest common divisor of 11 and d?
1
Let p(g) = -4*g - 41. Let z be p(-11). Suppose -z*q = 178 - 985. Let o = -189 + q. What is the highest common factor of 48 and o?
16
Suppose -2*c - 62 + 190 = 0. Let x(u) = 4*u**2 + 59*u - 338. Let a be x(6). Calculate the greatest common factor of a and c.
32
Let d(a) = -a**2 - 7*a + 232. Let s be d(-16). What is the greatest common factor of 7348 and s?
44
Let x = 1316 + 147. What is the greatest common factor of 21 and x?
7
Let q(i) = i**3 + i**2 + i + 756. Let t be q(0). Let p = 5090 - 4922. What is the greatest common divisor of p and t?
84
Let l be (90/16 - 6)*-58*4. What is the highest common factor of 319 and l?
29
Let t be (6 - 6)*2/(-6). Suppose -3*n + 6 = t, 0*v + v - 12 = 3*n. Calculate the greatest common divisor of 18 and v.
18
Let w = 405 - 212. Suppose 215 = 12*c - w. Calculate the highest common factor of 51 and c.
17
Suppose 4*h = 55*h - 19 - 134. What is the greatest common divisor of h and 32?
1
Let u(t) = 2*t + 29. Let d be u(-10). Suppose 4*b - 1736 = 4*j, -j + 4 = d. What is the greatest common divisor of 33 and b?
33
Let i be (1 + (-36)/28)*7. Let z be i + 21 + (2 - (-3)/(-1)). Let v be 70 - ((-4)/2 - 0). Calculate the highest common factor of v and z.
18
Let f be ((-1179)/12)/((-9)/24). Suppose -f = 3*l - 271. What is the highest common factor of 2 and l?
1
Let o = 16387 + -10332. Calculate the greatest common divisor of 35 and o.
35
Suppose 7*g + 42 = -707. Let j = 110 + g. Calculate the highest common factor of j and 1.
1
Let m = 3502 - 1926. What is the highest common factor of 4925 and m?
197
Suppose -3*v + 5*g + 1 = 8, -8 = 2*v - 5*g. Let a(n) = 108*n + 1841. Let c be a(-17). Calculate the greatest common divisor of v and c.
1
Suppose a - 4*x = -12, -5*a - 4*x + 163 = 79. Calculate the greatest common factor of a and 764.
4
Let h be (-15)/18 - (-975)/(-234). Let a be 250 + (-4)/((-5)/h) + 6. Suppose -m + 17 + 19 = 0. Calculate the highest common factor of a and m.
36
Let o be 0 + 8 + (2280/10)/12. Calculate the greatest common divisor of 432 and o.
27
Let k = 1364 + -1356. Suppose 2*r = -3*c + 51, -5*r - 3*c + 95 = -2*c. What is the greatest common divisor of r and k?
2
Let l(w) = 37*w**3 - w**2 - 8*w - 9. Let i be l(5). Calculate the greatest common divisor of 111 and i.
111
Suppose z - 71 = -3*c - 3*z, 2*c = 5*z + 55. Suppose -2*x - 34 = -4*x - f, 3*x + 2*f - 53 = 0. Calculate the greatest common factor of c and x.
5
Suppose -s + 5 - 6 = 0. Let c(i) = -45*i**3. Let u be c(s). Suppose 5*y - 820 = -2*d + 1651, 2*y - d = 992. Calculate the highest common factor of u and y.
45
Let g be (-1 - 0)/(1/1). Let v = 1 - g. Let l = 28 + v. What is the highest common divisor of 45 and l?
15
Let a(u) = u + 37. Let t be a(-32). Suppose 2*x = m - 3*m + 20, t*m - 15 = 0. What is the greatest common divisor of x and 77?
7
Let b(c) = -c**2 + 3. Let m be b(11). Let t = -112 - m. Let y be (33/9 - t)/(1/(-24)). Calculate the highest common factor of y and 28.
28
Let h be (3 - 1) + -3 - (1 - 6). Suppose -z = -5*c - h, -4*c - 2 = z - 6. Suppose 0 = 2*t, s + 0*t - 3*t = 1. What is the highest common factor of s and z?
1
Suppose 813*t + 330 = 868*t. What i